
2
Suppose -9 = 2*c - 25. Let t be ((-8)/2)/(c/(-40)). Suppose g - 36 = t. What is the tens digit of g?
5
Let l be ((-3)/1 - -13) + -4. Suppose -4*x - l = -6*x. What is the units digit of 653/7 - ((-6)/(-7))/x?
3
Let c(g) = -g**2 + 20*g + 38. Let v be c(22). Let l(u) = -u**3 - 6*u**2 - 6. Let y be l(v). What is the units digit of (-12)/((-1)/(y/(-9))) + 3?
1
What is the units digit of (5823 - 13) + 20 + -9?
1
Let x be (8 + -1514)*(-2)/(-4)*-1. Suppose 4*c - d - x = 0, 4*d - 20 = 8*d. What is the tens digit of c?
8
Let d be 10*(278/5 - 0). Let o = d - 184. What is the tens digit of o?
7
Let h = -74 + 76. What is the hundreds digit of -2 - 0 - -338 - h?
3
Suppose 51*g - 1231006 - 493916 = 0. What is the tens digit of g?
2
Let j = -234 + 927. Let m = -277 + j. What is the tens digit of m?
1
Let t = 2414 - -3336. What is the thousands digit of t?
5
Suppose -62*s = -49*s + 143*s - 2835612. What is the thousands digit of s?
8
Suppose -11*o = -66 + 11. Suppose 5*x = -2*j + 1323, -4*j + 0*j = o*x - 1331. What is the units digit of x?
3
Let m = -36 - -38. Suppose 4*z + 3*r = -0*z - 89, m*z - r = -37. Let a = z - -36. What is the tens digit of a?
1
Let a(s) = -74*s**3 - 12*s**2 - 8. Let y be a(-3). Let x = y - 803. What is the units digit of x?
9
Let q = 226 + -223. What is the hundreds digit of q*(-4 + (1476/2)/3)?
7
Let d = -74 + 76. Suppose -2*o + 2*p = -620, d*o + 0*p = -5*p + 655. What is the hundreds digit of o?
3
Let z = 112 - 49. Let c = 48 - z. Let i(o) = -o**3 - 15*o**2 - o + 14. What is the tens digit of i(c)?
2
Let g(d) be the second derivative of -d**5/10 - d**4/3 + 5*d**3/2 + 68*d**2 + 4*d - 1. What is the tens digit of g(-8)?
8
Let b(r) = -106*r - 1138. What is the hundreds digit of b(-37)?
7
Suppose 10*r + 5260 = 14*r. Let f = r + -678. What is the units digit of f?
7
Let h(b) = 17*b**3 - 4*b**2 + b + 3*b - 2*b**3 + 11 + 21*b. What is the hundreds digit of h(4)?
0
Suppose -4*h + 3*y - 2*y = -32262, -5*h + 5*y = -40350. What is the hundreds digit of h?
0
Let y(m) = -23*m**3 + 2*m**2 + 5*m + 2. Let z be y(-1). Suppose -z*o + 25*o = 360. What is the tens digit of 182/3 - (-6 + o/18)?
6
Let o = 369 - -2937. What is the units digit of o?
6
Suppose 4*z = 2*a + 22, -28 = -2*z + z + 5*a. Let s be -1 + 3 + z - -3. Suppose -3*b - 445 = -s*b. What is the units digit of b?
9
Let j(f) = 308*f + 847. Let s(l) = -56*l - 154. Let x(r) = -5*j(r) - 28*s(r). What is the units digit of x(9)?
9
What is the tens digit of (52/(-13) + -6 - -6) + 28437 + 0?
3
Let i(b) = b**2 + 11*b + 30. Let d be i(-6). Suppose 2*f - 5 - 1 = d. Suppose 289 = f*j - y, 4*j + 3*y = 5*j - 107. What is the units digit of j?
5
Suppose 3*c + t - 19235 = 0, 0*t - 5*t - 19205 = -3*c. What is the thousands digit of c?
6
Let k = 9899 - 2453. What is the thousands digit of k?
7
Suppose -6*v = -3863 - 17263. Suppose -4*x = -5*n - v, -3*n + 2431 = 3*x - 203. What is the hundreds digit of x?
8
Suppose -2*i + 4*s - 2*s = -18, 0 = 2*i + s - 3. Suppose -3*v + 442 = i*c - 5*v, 0 = -c + 5*v + 97. What is the units digit of -8 + c + 3 + -2?
5
Suppose 0 = -3*c + 1854 + 1038. Let m = 1634 - c. Suppose 5*y + u - m = -4*u, -5*y = -2*u - 656. What is the units digit of y?
2
Let u = 1900 - 1258. Suppose 4*y - u = 226. What is the tens digit of y?
1
Let q = 33 + 8. Suppose q*s = 34*s + 3115. What is the hundreds digit of s?
4
Let g = 4822 + 1763. What is the hundreds digit of g?
5
What is the thousands digit of (40396/8 + -1)*28/14?
0
Let l(f) = -391*f + 392. What is the hundreds digit of l(-13)?
4
Let s(p) = p + 6. Let l be s(-9). Let g(n) = 9*n - 31. Let q(h) = -4*h + 15. Let d(b) = l*g(b) - 5*q(b). What is the units digit of d(-9)?
1
Let t = 158 - 151. Suppose 3*p - t*p = -84. What is the units digit of p?
1
Suppose -u - 73 = d - 0*d, 0 = -5*d + 3*u - 381. Let m = d + 77. Suppose -s = -3*s + m, w - 246 = -3*s. What is the units digit of w?
3
Let t = 7209 - 4387. Suppose 21*l - 4087 = t. What is the tens digit of l?
2
Suppose -4*u + n = 12007 - 72774, 0 = -u + 2*n + 15204. What is the ten thousands digit of u?
1
What is the hundreds digit of ((-410324)/266)/(4/(-14))?
3
Let s(z) = -12*z + 111. Let p be s(8). Suppose -p*w + 2105 = -1315. What is the tens digit of w?
2
Suppose -v = 4*x + x + 198, -2*x = 2*v + 76. Suppose 2 = 4*w - 6. What is the hundreds digit of 118 + (x/w)/(-5)?
1
Let k(x) = -776*x - 3393. What is the hundreds digit of k(-22)?
6
Let y(w) = 7*w**2 - 79*w + 47. What is the thousands digit of y(-33)?
0
Let u(l) = -l**2 - 8*l - 7. Suppose 7*f + 38 - 66 = 0. Suppose 35 = -5*z + f*j, 0 = -2*z - z + 2*j - 19. What is the units digit of u(z)?
8
Let d = -282 + 276. What is the units digit of (d + 10 - 3) + 400?
1
What is the ten thousands digit of (4/5)/(3219783/(-321980) + 10)?
1
Suppose 12*o = 16*o - 60021 - 21227. What is the ten thousands digit of o?
2
Let h(m) = 2*m**3 - 22*m**2 - 24*m + 4. Let c be h(12). Let z(q) = -q**2 + 3*q - 3. Let y be z(-3). What is the units digit of (c - y/2)*(16 - 2)?
3
Suppose 6*j = -35 + 29. Let v be (30/9)/(j/(-3)). Let y(z) = 2*z**2 - 2*z - 34. What is the hundreds digit of y(v)?
1
Let i(u) = u**3 - 5*u**2 - 5*u - 8. Let b be i(6). What is the hundreds digit of (2 - 4)*b + 161?
1
Let g = 15 + -11. Suppose -2*y + g*y = -5*w - 10, -2*w - 4 = 0. Suppose 2*l + 59 - 211 = y. What is the units digit of l?
6
Let g be (1/(-3)*-2)/(6/54). Suppose g*s - 1748 = 2*s. What is the tens digit of s?
3
Let n be (-107)/15 + (-8)/(-360)*6. Let h(o) = -28*o - 80. What is the hundreds digit of h(n)?
1
Suppose 26*b + 30 = 31*b. Suppose 0 = -b*j - 24, 10*v - 3751 = 7*v - 2*j. What is the thousands digit of v?
1
Suppose -225*f + 108*f = -110*f - 6608. What is the hundreds digit of f?
9
Suppose -3*u + 69 = -96. Let i(w) = 3*w**2 - 11*w + 9. Let r be i(4). Let j = u - r. What is the tens digit of j?
4
Suppose 2*d - 3659520 = -118*d. What is the tens digit of d?
9
Let m = -768 + 524. Let p = -46 - m. Suppose 0 = -5*a + p - 28. What is the units digit of a?
4
Let a(w) = -w**3 - w**2 + 3*w + 143. Let g be a(0). Let u = g + -5. What is the units digit of u?
8
Suppose 2*n = 2*d + 14520, 0 = -n - 4*n - 3*d + 36260. What is the hundreds digit of n?
2
Let n(l) be the first derivative of -2*l + 6*l - 20*l**2 + 0*l - 11. What is the tens digit of n(-3)?
2
Suppose 4*u - 1 - 22 = -3*z, -z + 5 = 0. Let q be ((-200)/5)/(-5)*u. Suppose o - 18 = q. What is the tens digit of o?
3
Let q(z) = 7*z**2 + 43*z - 298. What is the hundreds digit of q(-23)?
4
Suppose -2*r - 1360 = -6*f + 5*f, 0 = 4*f - 2*r - 5464. What is the hundreds digit of f?
3
Let r(q) = 102*q**2 - 5*q - 31. What is the hundreds digit of r(-5)?
5
What is the thousands digit of (-18)/(3 + (-29913)/9958)?
4
Let w be 2/17 - (-10)/(-85). Suppose -u + 1123 = x, -3*x - u + 4248 - 883 = w. What is the tens digit of x?
2
Suppose 0 = 11*z - 136 + 92. Suppose 0 = -z*n - 4*c + 2788, -n + 4*c + 1412 = n. What is the units digit of n?
0
Let p = 137 + -268. Let h(k) = 214*k + 1577. Let d be h(-6). Let w = p + d. What is the tens digit of w?
6
Suppose q - 3*q + 6 = 2*a, -4*q + 3*a + 33 = 0. Suppose -16 - 8 = -q*f. Suppose 6 = -3*n, 632 = f*h - 0*n + 2*n. What is the tens digit of h?
5
Suppose -2*g + 2*v = -37246, 18641 = 9*g - 8*g + 5*v. What is the tens digit of g?
2
Let c(m) = -62*m**2 - 10*m + 31. Let f(l) = -28*l**2 - 5*l + 16. Let z(k) = 2*c(k) - 5*f(k). What is the units digit of z(-7)?
1
Let w = 73 + -66. Suppose -w*u + 2*u - 145 = 0. Let k = u + 52. What is the units digit of k?
3
Suppose p + 5*p = 0. Suppose 0*w - w - 5*w = p. Suppose w = -x + 3*i + 82, -2*x + 80 = -x - 5*i. What is the units digit of x?
5
Let n = 16887 - 10325. What is the hundreds digit of n?
5
Suppose 0 = 2270*d - 2320*d + 1974000. What is the ten thousands digit of d?
3
Let g = -6260 - -10955. What is the hundreds digit of g?
6
Suppose 3*g + 7813 = 16*g. Let b = g - 301. What is the tens digit of b?
0
Let n(z) = -61*z**3 - 6*z**2 - z + 16. What is the tens digit of n(-3)?
1
Suppose -4*z = -3*z. Suppose 2*f - 47 - 9 = z. Suppose 64*w - f = 63*w. What is the units digit of w?
8
Let h(q) = -5*q**3 - 4*q**2 - 2*q + 2. Let b be h(-3). Suppose 5*j - 2157 = -b. What is the tens digit of j?
1
Let v be 94/(-6)*(-21)/(-7). Let i = 96 + v. Suppose 4*s - h = i, h + 1 = -0*h. What i